{"id":101,"date":"2023-04-11T13:48:15","date_gmt":"2023-04-11T11:48:15","guid":{"rendered":"https:\/\/docu.kkstiftung.com\/?page_id=101"},"modified":"2025-01-13T12:07:43","modified_gmt":"2025-01-13T10:07:43","slug":"impressum","status":"publish","type":"page","link":"https:\/\/kkstiftung.com\/?page_id=101","title":{"rendered":"Impressum"},"content":{"rendered":"\n<p><strong>Karma Kagyu Stiftung<\/strong><\/p>\n\n\n\n<h6 class=\"wp-block-heading\">Sitz  &#8211; keine postalische Anschrift &#8211; Fleckenbornstr. 25. D-65232 Taunusstein<\/h6>\n\n\n\n<h3 class=\"wp-block-heading\"><strong>B\u00fcrokontakt<\/strong>:<\/h3>\n\n\n\n<p><strong>Karma Kagyu Stiftung<br>Zum Buck 11<br>D-79809 Weilheim<\/strong><br>Tel. +49-(0)7755-939204<br>info\u00a0( [\u00e4dd] ) karma-kagyu-foundation.com<br>\u00a0<br>WebPage:<\/p>\n\n\n\n<p><a href=\"https:\/\/www.karma-kagyu-foundation.com\" target=\"_blank\" rel=\"noreferrer noopener\">www.karma-kagyu-foundation.com<\/a><\/p>\n\n\n\n<p><a href=\"https:\/\/www.karma-kagyu-stiftung.de\" target=\"_blank\" rel=\"noreferrer noopener\">www.karma-kagyu-stiftung.de<\/a><\/p>\n\n\n\n<p><a href=\"https:\/\/www.kkstiftung.com\" target=\"_blank\" rel=\"noreferrer noopener\">www.kkstiftung.com<\/a><\/p>\n\n\n\n<p><strong>zust\u00e4ndiges Finanzamt:<\/strong><\/p>\n\n\n\n<p>Finanzamt Waldshut-Tiengen<br>Bahnhofstr. 11<br>D-79761 Waldshut-Tiengen<br><br>Stnr: 20001\/58838<br><br>Die Karma Kagyu Stiftung ist eine Stiftung nach dem Privatrecht und wird durch das Hessischen Stiftungsgesetzt bestimmt.<\/p>\n\n\n\n<p><strong>Zust\u00e4ndige Aufsichtsbeh\u00f6rde \/ Genehmigungsbeh\u00f6rde:<\/strong><\/p>\n\n\n\n<p>Stiftungsaufsicht Wilhelminenhaus Wilhelminenstra\u00dfe 1-3 D-64283 Darmstadt<br><br>Umsatzsteuer gem\u00e4\u00df \u00a7 27 a Umsatzsteuergesetz<br>USt-IdNr. : <strong>DE814164706<\/strong><\/p>\n\n\n\n<p>Webdesign, formal und inhaltliche Gestaltung<\/p>\n\n\n\n<p><strong>Herbert Giller<br>Zum Buck 11<br>79809 Weilheim<\/strong><\/p>\n\n\n\n<p><br>alleinvertretungsberechtigte Person(en):<\/p>\n\n\n\n<p><strong>Herbert Giller<br>Zum Buck 11<br>79809 Weilheim<\/strong><\/p>\n\n\n\n<p>tel&nbsp; +49 (0)7755-939204<\/p>\n\n\n\n<p>Inhaltlich Verantwortlicher gem\u00e4\u00df \u00a7 10 Absatz 3 MDStV:<br><\/p>\n\n\n\n<p><strong>Herbert Giller<br>Zum Buck 11<br>79809 Weilheim<\/strong><\/p>\n\n\n\n<p>tel +49 (0)7755-939204<br><br>Haftungshinweis: Trotz sorgf\u00e4ltiger inhaltlicher Kontrolle \u00fcbernehmen wir keine Haftung f\u00fcr die Inhalte externer Links. F\u00fcr den Inhalt der verlinkten Seiten sind ausschlie\u00dflich deren Betreiber verantwortlich.<\/p>\n\n\n\n<h5 class=\"wp-block-heading\">Webdesign &#8211; Gestaltung und st\u00e4ndige Webseitenbetreuung<\/h5>\n\n\n\n<h5 class=\"wp-block-heading\"><br>Webdesign, formale und inhaltliche Gestaltung<br>Webseitengestaltung und Webmaster<\/h5>\n\n\n\n<p><strong><br>Herbert Giller<br>Zum Buck 11<br>79809 Weilheim<\/strong><\/p>\n\n\n\n<p>Email: hg7(\u00e4ddst)gmx.de<br><br>Homepage: <a href=\"https:\/\/www.rigdrol.com\" target=\"_blank\" rel=\"noreferrer noopener\">www.rigdrol.com<\/a><\/p>\n","protected":false},"excerpt":{"rendered":"<p>Karma Kagyu Stiftung Sitz &#8211; keine postalische Anschrift &#8211; Fleckenbornstr. 25. D-65232 Taunusstein B\u00fcrokontakt: Karma Kagyu StiftungZum Buck 11D-79809 WeilheimTel. +49-(0)7755-939204info\u00a0( [\u00e4dd] ) karma-kagyu-foundation.com\u00a0WebPage: www.karma-kagyu-foundation.com www.karma-kagyu-stiftung.de www.kkstiftung.com zust\u00e4ndiges Finanzamt: Finanzamt Waldshut-TiengenBahnhofstr. 11D-79761 Waldshut-Tiengen Stnr: 20001\/58838 Die Karma Kagyu Stiftung ist eine Stiftung nach dem Privatrecht und wird durch das Hessischen Stiftungsgesetzt bestimmt. Zust\u00e4ndige Aufsichtsbeh\u00f6rde \/ [&hellip;]<\/p>\n","protected":false},"author":5,"featured_media":0,"parent":0,"menu_order":0,"comment_status":"closed","ping_status":"closed","template":"","meta":{"footnotes":""},"class_list":["post-101","page","type-page","status-publish","hentry"],"_links":{"self":[{"href":"https:\/\/kkstiftung.com\/index.php?rest_route=\/wp\/v2\/pages\/101","targetHints":{"allow":["GET"]}}],"collection":[{"href":"https:\/\/kkstiftung.com\/index.php?rest_route=\/wp\/v2\/pages"}],"about":[{"href":"https:\/\/kkstiftung.com\/index.php?rest_route=\/wp\/v2\/types\/page"}],"author":[{"embeddable":true,"href":"https:\/\/kkstiftung.com\/index.php?rest_route=\/wp\/v2\/users\/5"}],"replies":[{"embeddable":true,"href":"https:\/\/kkstiftung.com\/index.php?rest_route=%2Fwp%2Fv2%2Fcomments&post=101"}],"version-history":[{"count":4,"href":"https:\/\/kkstiftung.com\/index.php?rest_route=\/wp\/v2\/pages\/101\/revisions"}],"predecessor-version":[{"id":340,"href":"https:\/\/kkstiftung.com\/index.php?rest_route=\/wp\/v2\/pages\/101\/revisions\/340"}],"wp:attachment":[{"href":"https:\/\/kkstiftung.com\/index.php?rest_route=%2Fwp%2Fv2%2Fmedia&parent=101"}],"curies":[{"name":"wp","href":"https:\/\/api.w.org\/{rel}","templated":true}]}}